hat is the tens digit of t?
4
Let l be (-472)/10*(-70)/28. Let q = -57 + l. Suppose -n = -2*t - q, -2*n - 2*t + 48 = -50. What is the units digit of n?
3
Suppose -4*d - 2*c + 3*c = -17, c = -4*d + 15. Suppose 45 = d*k - 3. What is the tens digit of k?
1
Let z(d) = 36*d - 22. What is the tens digit of z(3)?
8
Let k(g) = -g**3 + 19*g**2 - 19*g + 13. What is the units digit of k(16)?
7
Suppose 10*d = -921 + 7341. What is the units digit of d?
2
Suppose -133 = -3*s - 34. Let q = s + 42. What is the tens digit of q?
7
Let t = -17 - -13. Let x be 4/8*t*-1. Suppose -x*h - 2*h = -216. What is the units digit of h?
4
Suppose 2*z = 10, 4*z = 6*v - v - 3580. Suppose -3*x + 11*x = v. What is the units digit of x?
0
Suppose 3*w - 27 + 6 = 0. Let h = w - 4. Suppose 4*b - 5*k - 129 = -4*k, 2*k - 83 = -h*b. What is the units digit of b?
1
Let h(m) = 15*m**3 - 3*m**2 - 5. Let v be h(3). Let d = 599 - v. What is the tens digit of d?
2
Let q(r) = r**3 - 14*r**2 + 11*r - 21. Let b be q(13). Let p = b - -93. What is the units digit of p?
6
Suppose -4*g = -266 + 74. Suppose -5*u + u = -g. What is the tens digit of 13*1 - (u - 12)?
1
Let a = -2088 - -3979. What is the hundreds digit of a?
8
Let f = 278 - 76. What is the tens digit of f?
0
Let a = -20 - -15. Let t be 0*4/(1 + a). Suppose t = -0*d - 3*d + 105. What is the tens digit of d?
3
Let d be 9 + (-2 - -4) + 1. Let q be (d/30)/((-2)/(-20)). Suppose q*g + 2 = 14, 0 = 2*v + 5*g - 53. What is the units digit of v?
9
Suppose -4*q + k + 2*k + 1489 = 0, -749 = -2*q + 3*k. What is the hundreds digit of q?
3
Let o = -29 + 25. Let n be ((-372)/9)/(o/18). Suppose -j = -4*j + n. What is the units digit of j?
2
Let o be 15 + 2/(-12)*-3*2. Suppose -3*z + 79 + 89 = -3*g, -5*g = -z + 76. Let j = z - o. What is the units digit of j?
5
Suppose 0 = -4*i - 3*y + 47 - 7, 5*y = -i + 27. Suppose 0 = -2*w + i*w + 10. What is the tens digit of w/(-8) - (-476)/16?
3
Let i = 5 - -25. Suppose 4*o + i = -d, 4*d - d + 5*o = -97. Let u = -23 - d. What is the units digit of u?
1
Suppose 0 = 2*i + 4, -4*h + 2*i = -0*i. Let a = h - -7. What is the units digit of a?
6
Suppose 4*z = -2*p + 142, 5*p + 12*z = 7*z + 375. Let c = p + -55. What is the units digit of c?
4
Let g(f) = -f**2 - 9*f - 12. Let v be 0 - 28/(-1 - 1). Let p = 7 - v. What is the units digit of g(p)?
2
Let j be 8/(-12) - (-14)/3. Suppose -i + j*i + 347 = 4*v, 2*v = i + 171. What is the tens digit of v?
8
Let x be (-2)/(-7) - 24/(-14). What is the tens digit of (-1)/(3/(-264)) + (x - 2)?
8
Let h(m) = -m**3 - 21*m**2 - 5*m - 12. Let j be 3/1 + -4 - (-1 - -21). What is the tens digit of h(j)?
9
Let i(s) = -19*s - 6. Let d be i(-8). Let n = d - 57. Suppose 5*l = -n + 259. What is the units digit of l?
4
What is the units digit of (117/26)/((-1)/(-78))?
1
Suppose 0 = -4*g - 3*b + 7 - 26, -3*g - 13 = b. What is the units digit of (-252)/(-4) - g/4?
4
Suppose -16*p + 19198 - 5998 = 0. What is the hundreds digit of p?
8
Suppose -z = -5, 5*f + z = f - 43. What is the tens digit of (124/3)/(f/(-18))?
6
Suppose 2*x + 5*o = -22, 0 = -4*x + 2*o - 1 + 5. Suppose -4 = -0*c + 4*c - 2*w, -c + 2 = -2*w. What is the units digit of (x + (-44)/8)*c?
3
Suppose -94 = -2*s + 2*v, 3*s + v + 2*v = 129. Let r = -37 + 33. What is the units digit of r/14 + s/35?
1
Suppose 6*w - 6 = 3*w. Suppose -3*c + 6 = -9, -w*j - 5*c + 29 = 0. Suppose -3*t + 84 = 2*h, -3*t + 39 = j*h - h. What is the units digit of h?
5
Let f = -21 + 17. Let k be (-1*8 - f) + 4. Suppose -3*j + 89 + 34 = k. What is the units digit of j?
1
Suppose -21549 = 609*c - 620*c. What is the tens digit of c?
5
Let v = 8478 + -4997. What is the hundreds digit of v?
4
Suppose -t - t + 10 = 2*l, -5 = -3*t - l. Let m be 4 - 4 - (4 - t). What is the units digit of (-8 + 29)*m/(-6)?
4
Let y = 482 + -251. What is the tens digit of y?
3
Suppose -x - 3*x + 3*a + 904 = 0, 2*a = -3*x + 678. What is the units digit of x?
6
Let r = 3 - -4. Let y be (1 - 2)/(r/(-35)). Let q(b) = 3*b**2 - 2*b - 2. What is the tens digit of q(y)?
6
Let g(i) = -i**3 + 5*i**2 - 4*i + 1. Let d be g(4). Suppose q - d = 7. Suppose -2*c = -c - q. What is the units digit of c?
8
Let y = -7 - -11. What is the units digit of (y/(-5))/(1/(-10))?
8
Let j = 135 + -164. Let h = 12 - j. What is the units digit of h?
1
Let n(v) = -v**3 - 10*v**2 + 5. Let m(r) = -3*r + 8. Let p be m(6). Let j be n(p). Suppose -172 + 42 = -j*f. What is the tens digit of f?
2
Suppose 882*f = 887*f - 11305. What is the thousands digit of f?
2
Let k = 40 - 58. Let r = k + 21. Suppose -x + r + 29 = 0. What is the units digit of x?
2
Suppose -t - 4*t + 16155 = 0. What is the tens digit of t?
3
Suppose -7*z + 391 = -1667. What is the hundreds digit of z?
2
Suppose 0 = 2*o - 15*l + 12*l - 235, 0 = 5*l - 5. What is the hundreds digit of o?
1
Suppose 3*a - 6 = 78. Let d be 2/(-3*1/(-6)). Suppose -w + 2*w - 2*b - a = 0, -d*w + 85 = b. What is the tens digit of w?
2
Suppose -5*h + 2*h + 6 = -x, 4*x = 4*h. Suppose 5*f - h*n = -7*n + 56, 0 = 3*f - n - 20. What is the units digit of f?
8
Let q(n) = n**3 - 2*n**2 + 3*n + 2. Let b be q(-5). Let d = 367 + b. What is the units digit of d?
9
Let n = 8 - -4. Let s(c) = 4*c**2 - 13*c - 8. Let u(w) = 3*w**2 - 12*w - 9. Let a(i) = -2*s(i) + 3*u(i). What is the tens digit of a(n)?
1
Suppose 0 = 5*o + 5*c, 5 = -3*o + o - 3*c. Suppose 57 + 58 = o*x. What is the tens digit of x?
2
Let q = -444 + 721. Suppose 0 = 3*i - 13 + 4, -3*i - q = -2*j. What is the hundreds digit of j?
1
Let m(t) = 10*t**2 + 6*t + 106. What is the hundreds digit of m(8)?
7
Suppose 0 = -0*z - 7*z + 77. Suppose z*p = 6*p + 555. What is the hundreds digit of p?
1
Let j(z) = -z**2 - z + 1. Let f(p) = -2*p**2 - 23*p + 37. Let r(b) = -f(b) + 3*j(b). What is the tens digit of r(14)?
5
Let k = 3 + 37. Let l = -182 - -168. Let h = l + k. What is the units digit of h?
6
Suppose 3*a - 6 = 2*a. Let p be 58/a - 6/9. What is the units digit of (-20)/(-6) - 3/p?
3
Suppose 0 = -5*d + 8 + 2. Suppose 4*a - 5*v - 131 = 0, 13*v - 11*v + 35 = a. Let p = a + d. What is the tens digit of p?
3
What is the units digit of (7 + -6)/((25/11515)/5)?
3
Let j(x) = x**3 + 16*x**2 - 4*x + 8. Let f be j(-16). Let p = f + -46. What is the tens digit of p?
2
Let f(p) = p**3 - 4*p**2 - 6*p + 6. Let s be f(5). Let y(d) = 195*d**3 + 2*d**2 - 5*d + 3. What is the units digit of y(s)?
5
Suppose 4*a - 50 = 8*a + 2*i, -5*i + 18 = -3*a. Let l = a - -33. What is the tens digit of l?
2
Let d(n) = 5*n**3 - n**2 - n - 1. Let x be d(-1). Let j(i) = -3*i - 6. Let s be j(x). Let r = s - 4. What is the units digit of r?
8
What is the hundreds digit of 1685 - 5*6/(-10)?
6
What is the hundreds digit of ((-2)/4)/(((-357)/(-57494))/(-21))?
6
Suppose 0 = -2*c + 18 - 6. What is the hundreds digit of (-4)/(-18) - c/27 - -143?
1
Let b = 911 + 1. What is the units digit of b?
2
Suppose 4*j - 11 = 1. Suppose 0 = -j*q + 4*q, g + 5*q - 128 = 0. Suppose 3*l + l = g. What is the tens digit of l?
3
Let i(x) = 9*x + 36. Let q = -60 + 87. What is the tens digit of i(q)?
7
Let l(y) = 198*y - 50. What is the units digit of l(9)?
2
Suppose -18 = 4*v - 34. Let l(q) = q - 2. Let d be l(4). Suppose 3*h - 161 = -v*a + d*a, 2*h + 3*a - 114 = 0. What is the tens digit of h?
5
Let p = -89 - -199. Suppose 2*r = -2*t + p, 5*r - 113 = -0*t - 2*t. What is the units digit of t?
4
Let u(j) = -7*j. Let y be u(-10). Suppose 3*w + w - y = -n, -46 = -n + 2*w. What is the units digit of n?
4
Suppose 4*j = -5*d + d + 4, -3*j - 5*d = 7. Suppose 0 = -h - j*h + 224. What is the tens digit of h?
3
Let b be (-20)/(0 - 4) + -3. Let u(j) = -6 + 4*j + j**b + 2 - j. What is the tens digit of u(4)?
2
Let b be 4 + -2 + 9/3. Suppose 0 = 2*w - 5*t + 18 - 149, -b*t + 25 = 0. What is the units digit of w?
8
What is the thousands digit of (4/5)/(10/22225)?
1
Suppose 7*f - 4*f = f. Suppose 3*p - o - 112 = -f*p, o = -4*p + 147. What is the tens digit of p?
3
Let v be (570/12)/(-5)*(-3 + -1). What is the units digit of ((-24)/16)/((-3)/v)?
9
Let d = 249 + 424. What is the units digit of d?
3
Suppose -25*p + 4686 = -19*p. Let n = -551 + p. What is the tens digit of n?
3
Let s(f) = -51*f**3 + f**2 - f + 2. Let z(q) = q**3 + q + 1. Let w(i) = -2*s(i) + 2*z(i). What is the tens digit of w(1)?
0
Let f = -10 - -12. Let b be f*